*r**3 + r + 23. Let l(u) = -5*u**3 - 2*u - 52. Let q(h) = -4*l(h) - 9*v(h). Calculate q(2).
15
Suppose -5*o + 0 = -10, -t = -4*o + 12. Let h(d) = -2*d**2 - 5*d - 5. Calculate h(t).
-17
Let q(s) be the first derivative of 1 + 0*s**3 + 3*s**3 - s**3 - s**3. Let x(f) = f**3 + 2*f**2 - f. Let h be x(-2). Determine q(h).
12
Let p be (2 - -1) + -1 + 25. Suppose 8*r = 13 + p. Let q(h) = -h**3 + 6*h**2 - 5*h - 2. Determine q(r).
-2
Let z(f) = f + 2. Suppose 5*s - p + 4 = 3*s, -20 = 4*s + 4*p. Give z(s).
-1
Let m(a) = a**2 - 12*a - 81. Let t be m(16). Let j(s) = -s**3 - 17*s**2 + s + 17. What is j(t)?
0
Let d(v) be the third derivative of v**6/720 + 7*v**5/40 - 5*v**4/6 - 6*v**2. Let x(z) be the second derivative of d(z). Determine x(0).
21
Let j(x) = -4 + 0 + 3 + x**2 + 2. Let m(y) = y**3 - 5*y**2 - y - 1. Let i(d) = -2*j(d) - m(d). Suppose -4*s + 8*s = 12. Give i(s).
2
Let g(q) be the third derivative of q**7/280 - q**4/24 + 13*q**3/6 - 3*q**2. Let r(i) be the first derivative of g(i). Determine r(-1).
-4
Let d(c) be the third derivative of c**6/120 + c**5/12 + c**4/8 - 2*c**3/3 + 7*c**2. Suppose 2*y + 0*y - 6 = 0. Let j be -3 - (y - (-9)/(-3)). Calculate d(j).
5
Let w(j) = j**3 + 31*j**2 + 61*j + 101. Let h be w(-29). Let c(s) = s + 6. Give c(h).
20
Let r(o) = 0*o - 33 + 22 + o. Give r(0).
-11
Suppose -5*g - 1 + 31 = 0. Suppose 2*u + 0*u = -g. Let o(x) = -23*x + 16*x + 3*x - 1 - 2. Determine o(u).
9
Let u = 16 + -9. Let h(g) = -5*g - u + 2 + 2*g. Calculate h(-6).
13
Let x(z) = 3 - 71*z - 9 - 76*z + 146*z. Calculate x(9).
-15
Let i(f) be the second derivative of f**5/5 - f**4/3 - 5*f**3/6 + 3*f**2/2 - f. Let q(s) = s**3 - s - 1. Let b(x) = -i(x) + 3*q(x). Determine b(4).
2
Let s(p) = p - 3. Let m(q) = q - 4. Let a(y) = 4*m(y) - 5*s(y). Let w be ((-6)/(-18))/((-1)/6). Let x be (10/(-4))/((-1)/w). Give a(x).
4
Let w(r) = 1 + 2*r - 1. Let u(k) = k**2 - 12*k + 9. Let s be u(16). Let m = s - 75. Determine w(m).
-4
Let l = -51 - -53. Let y(p) = 8*p - 4*p - l + 3*p - 4*p. What is y(4)?
10
Suppose 0 = -206*o + 209*o + 18. Let w(t) = -t**2 - 11*t + 2. Determine w(o).
32
Let l(a) = -15 - 14*a + 2*a**3 + 4*a**3 - 9*a**3 + 2*a**3 - 14*a**2. Determine l(-13).
-2
Let b(n) = n**3 - 6*n**2 + 2*n - 7. Let i(z) = -z**2 - 6*z + 1. Let s be i(-5). Calculate b(s).
5
Let y(j) = -13*j**2 + 33*j + 32. Let c(s) = -7*s**2 + 17*s + 16. Let u(d) = 11*c(d) - 6*y(d). Let k(t) = 5*t + 2. Let v be k(2). Give u(v).
-4
Let f(p) = 2*p + 9. Let z be (-2)/(-8) + 6/8. Let x(m) = m**2 + 18*m - 7*m + m**2 - z. Let q be x(-5). Determine f(q).
-3
Let d(o) = o**3 - 5*o**2 + 2*o - 101. Let j be d(7). Let z(y) = y**2 - 9*y - 21. Determine z(j).
1
Suppose 0 = r - 2*r + 2. Let a(w) = -4*w + 126*w**2 - 131*w**r - 3 + w - w**3. What is a(-5)?
12
Let y(k) = -6*k + 2 + 4*k**2 + 0 - 2*k**2. Suppose 0 = 40*l - 112 - 48. Determine y(l).
10
Let i(w) = -w**2 + 2*w + 5. Let k(n) = n**2 + 4*n + 4. Let y be 1*(4 + 0) + -3. Suppose 7 = 2*f + 5*s, -3*f = 5*s - 2 - y. Let j be k(f). Give i(j).
-3
Let m(y) = -9*y. Let n(k) = k**3 - 7*k**2 - 9. Let v be n(7). Let p = -13 - v. Let u be (-6)/(-30) - p/5. Determine m(u).
-9
Let f(j) = 18*j**3 + j. Suppose -5*i = 5, 2*i + 28 = -5*b - i. Let u be -2 - (20/(-25) + 1/b). Determine f(u).
-19
Suppose -4*s + 4*y = 5*y + 36, -3*y = -5*s - 62. Let f(g) = -g**3 - 9*g**2 + 10*g - 12. What is f(s)?
-12
Let c(n) = -n**2 + 23*n - 43. Let g be c(2). Let h(v) = 8*v**2 + v + 1. What is h(g)?
8
Let q(b) = -4*b**2 - 2*b - 1. Let d = -16 + 24. Let r(p) = p**2 - 10*p + 15. Let v be r(d). Calculate q(v).
-3
Let h(p) = -3*p**3 - 2*p**2 + 3*p + 3. Let v be (-5)/2 - 4/(-8). What is h(v)?
13
Suppose 11 = 3*n - 28. Let y(b) be the second derivative of -b**3/6 + 17*b**2/2 + 77*b - 2. Let q be y(n). Let z(j) = 2*j - 3. Calculate z(q).
5
Let v(i) = i**2 - 7*i + 1. Let x(a) = a**2 + 5*a - 1. Let q be x(1). Give v(q).
-9
Suppose -9*b = b + 30. Let d(h) = h**3 - 4*h**2 + 2*h + 4. Let l(x) = -2*x**3 + 3*x**2 - 3*x - 3. Let y(v) = b*d(v) - 2*l(v). Determine y(-6).
-6
Let t be (-5)/45 - 6/(-54). Let s(c) be the third derivative of 0*c**4 + 1/60*c**5 + 0 - c**2 + t*c + 5/3*c**3. What is s(0)?
10
Let c(v) = -v**2 + 6*v + 2. Let g(o) = 3*o + 49. Let k be g(-8). Suppose 4*h - 16 = -4. Suppose -2*q = -5*p + h*q + k, -p = -2*q - 5. Determine c(p).
7
Let f be (138/15)/(3/30). Let h = -99 + f. Let v(m) = -m**2 - 8*m + 2. What is v(h)?
9
Let r(p) = -p + 2. Let w = -16 - -35. Let x = -23 + w. Let b = x + 0. Calculate r(b).
6
Let n(m) = -1237*m**3 + 89 + m**2 - 90 + 1280*m**3 - m. Give n(-1).
-42
Let v(f) = f**3 + 14*f**2 + 2. Let x = -217 + 203. Determine v(x).
2
Let h(m) = 8*m**3 + 14*m + 4. Let u(k) = -3*k**3 - 5*k - 1. Let p(q) = -4*h(q) - 11*u(q). Let n = -57 - -57. Give p(n).
-5
Let a(o) = 4*o - 4*o + 5*o - 4*o - 4*o - 9. Give a(4).
-21
Let z(l) = -3*l**2 + 3*l. Let v = -344 + 346. What is z(v)?
-6
Let t be (2/(-4))/((-7)/(-14)). Let k(a) = -5*a**3 - 3*a**2 + 2. Let v(z) = z**3 + z**2 - z - 1. Let j(o) = t*k(o) - 6*v(o). Determine j(-4).
-4
Let i = 96 + -89. Let j(u) = 5*u**3 - 15*u**2 + 9*u - 5. Let q(x) = 3*x**3 - 8*x**2 + 5*x - 3. Let f(c) = i*q(c) - 4*j(c). What is f(-2)?
9
Suppose 2*m - 7*m + 6 = -w, -4*m - 18 = 3*w. Let v(o) = -186*o - 6 + 3*o**2 + o**3 + 180*o + 2*o**2. What is v(w)?
-6
Let p(c) = -c**2 - 8*c - 4. Let j be p(-7). Let h(i) = 4*i**3 - 2*i**3 - 7*i**3 - 3*i**j - i + 2*i**2. Calculate h(1).
-7
Let h be ((-80)/(-50))/((-33)/(-15) + -2). Let w(p) = -71*p + p**3 - 63*p + 138*p - h*p**2 - 12. Give w(8).
20
Let r(m) = -905*m - m**3 - 907*m - 10 + 1801*m - 10*m**2. Let g be -2*((-10)/(-4) - -2). Give r(g).
8
Let y(a) = -a + 5 + 2 - 10 + a**2. Give y(4).
9
Suppose 0 = l + l + 2. Let b(m) = 8*m - 6. Let a(d) = -d + 1. Let q(o) = l*b(o) - 5*a(o). Determine q(3).
-8
Let d(w) = w**3 - 6*w**2 + w + 2. Let p(l) = -l**3 - 17*l**2 + 2. Let j be p(-17). Suppose -4*r = 2*o - 16, -5*o = -3*r + j - 29. What is d(o)?
8
Let w(f) = f**3 + f**2 - f - 1. Let n(u) = -7*u**3 + u**2 + 8*u + 7. Let y(v) = n(v) + 6*w(v). What is y(7)?
15
Let t(a) be the second derivative of a**4/12 + a**3/2 - 5*a**2/2 - 252*a. What is t(2)?
5
Let n(f) = f**2 + 7*f + 2. Let s be n(-7). Let j(m) = m**3 - 6*m**2 - 4*m**3 - 7 + s*m**3. Let p(y) = 2*y**2 - 64*y + 114. Let w be p(30). Determine j(w).
-7
Let i = -206 - -208. Let j(y) be the second derivative of 2*y + 1/6*y**3 + 0 - y**i + 1/12*y**4. Determine j(-4).
10
Let w(a) be the first derivative of -a**3/3 - 5*a**2 - 8*a - 50. Determine w(-7).
13
Let q(u) = -12 + 0 - 3*u + 20 + 4*u. What is q(-6)?
2
Let r(s) = -s - 24. Let v be (10 - 9) + (-2)/(-2)*-1. Determine r(v).
-24
Suppose 2*v - 4*o - 16 = o, -2*v - 3*o = 16. Let m(g) = 11*g + 2. Let p(j) = 177*j + 33. Let s(c) = v*p(c) + 33*m(c). Calculate s(-1).
-9
Let c(y) = y**2 + 18*y + 14. Suppose -m = p + 12, -66 = -158*m + 161*m - 3*p. What is c(m)?
-3
Let j(w) = -3*w - 7. Let p(g) = 3*g + 5. Let c be p(-3). Let a be (-3)/(c/(-2) - 3). Suppose -5*i = -t + 20, -2*i - 35 = a*t - 10. Give j(i).
8
Let h(k) = 7*k - 16*k + 4*k + 13*k - k**3 - 8 - 7*k**2. Give h(-8).
-8
Let w = -36 + 39. Let p(j) = j**w - 7 - 19*j**2 + 31*j**2 - 19*j**2 + 4*j. Determine p(6).
-19
Let u(t) be the second derivative of t**4/6 - t**3/3 + t**2 - 8*t - 1. What is u(2)?
6
Suppose v = -5, 163 = -3*n + n - 3*v. Let y = 79 + n. Let r(t) be the third derivative of -t**5/60 + 5*t**4/24 + t**3/3 + 2*t**2. Determine r(y).
2
Suppose -4*y + 71*m - 75*m - 16 = 0, 3*m = 5*y + 44. Let s(o) = -5*o + 2. Calculate s(y).
37
Let n(s) be the second derivative of -4*s**3/3 + s**2/2 - s + 12. Determine n(-4).
33
Let b(u) be the third derivative of 25*u**4/24 + u**3/6 + 143*u**2. What is b(-2)?
-49
Let y(r) be the third derivative of -r**5/15 - 11*r**4/24 + r**3 + 4*r**2 + 112. What is y(-4)?
-14
Suppose -n = -8 - 7. Suppose 6*z - z - n = 0. Let x(y) = -y**3 + 2*y**2 + 3*y + 2. What is x(z)?
2
Suppose -30 = -2*d - 3*d. Let z(x) = -26*x - 24*x + 53*x + d. Give z(-4).
-6
Let y(q) be the third derivative of 2*q**2 + 1/24*q**4 - 1/60*q**5 + 0 - 4/3*q**3 + 0*q. Let p be (-4)/(-34) + 150/(-1275). Calculate y(p).
-8
Let b(t) = 3*t**2 + 5*t + 7. Let g(k) = k**2 + 2*k + 3. Let i(n) = -4*b(n) + 10*g(n). Suppose o - 4*u = -34, 453*o - 3*u = 452*o - 26. Determine i(o).
-6
Let i be ((-44)/6)/(